 number?
True
Suppose -3*f - 160294 = -o, -218*o + 4*f + 320598 = -216*o. Is o a composite number?
False
Suppose 0 = 3*c - z - 3187, -1459 = -3*c - 3*z + 1736. Let t = 1531 - c. Let l = t + 119. Is l a prime number?
True
Suppose 0 = -19*n + 89239 + 134410. Is n a composite number?
True
Suppose -5*x - 51 = 2*b + b, -24 = 3*x + 4*b. Let t be 0 - 6/(x/10). Suppose 0 = -t*d - 15, d + 2*d + 101 = 4*m. Is m composite?
False
Let g = 1617 - 1611. Let r(x) = x. Let h be r(2). Is h - 2478/(-12)*g a prime number?
False
Suppose -4*b + 3 + 5 = 0. Suppose -2*x + 9326 = -4*s, -3*s + 6*x - 7011 = 10*x. Is (0 - s)*b/(3 - 1) prime?
True
Let h be (-3)/((-9)/(-600))*36/(-9). Suppose -5*t - h + 3170 = 0. Let c = t + 911. Is c prime?
False
Let y(b) = -33*b - 189. Let d be y(-6). Suppose 70572 = -5*m + d*m. Is m a prime number?
False
Let o = -1026 + 679. Is o/(((-48)/138)/8) prime?
False
Let n(c) = c**3 + c**2 + 1005. Let q(k) = -4*k**3 - 5*k**2 + k - 4021. Let l(h) = 9*n(h) + 2*q(h). Suppose 3*u = 6*u. Is l(u) a composite number?
True
Suppose -5*c = -2*v - 47313, 2*c - 5*v = 12885 + 6057. Is c prime?
True
Let k(r) = -101144*r - 635. Is k(-2) composite?
False
Let m = 424975 - 138042. Is m a composite number?
True
Suppose s = -2*m - 0*m + 46579, -3*s + 139762 = m. Is s a prime number?
True
Let t = 34094 - 18542. Suppose 3*j = 2*g - 10379, -3*g + 4*j - 5*j + t = 0. Suppose 15*i - g = 10*i. Is i a prime number?
False
Suppose -298 = -33*b + 32. Suppose -11*a + b*a + 5639 = 0. Is a prime?
True
Let z(m) = -49*m**3 - 3*m - 2. Let i be z(-2). Let k(f) = f**3 - 5*f**2 - 6*f + 7. Let x be k(6). Let s = i - x. Is s a composite number?
False
Let r(z) be the first derivative of 539*z**3/3 + 23*z**2/2 + 5*z - 36. Is r(5) a composite number?
True
Let f be 12/(-54) + -25*4/36. Let n be f + 7880/3 - (-1)/3. Let g = n + -1831. Is g prime?
False
Let u = -108 + 208. Let d(c) = c**2 + 98*c + 8. Let v be d(-65). Let l = u - v. Is l a prime number?
True
Let t(h) be the third derivative of -28*h**2 + 1/60*h**6 + 0*h + 0 + 5/6*h**3 - 1/20*h**5 + 1/3*h**4. Is t(6) composite?
True
Suppose -24*d + 20*d + 949747 = 265775. Is d a prime number?
False
Is 1168218/24*12/9 a composite number?
False
Suppose 3*n - 3*s + s = 60303, -4*n = -2*s - 80404. Is n a composite number?
False
Suppose -5*q - 17 + 27 = 0. Suppose 4*b = -4*a + 29472, q*b = 37 - 39. Is a composite?
False
Let u = 319 + -325. Let z(a) = -5*a**3 - 6*a**2 + 3*a - 7. Is z(u) a prime number?
True
Suppose -5*l = -5*y, -5*y + 6*y = 5*l - 16. Suppose 4*j - 35241 = -4*k - 3969, -5*k + 39089 = l*j. Is k composite?
False
Let c = 1694 - -622. Let n be 156/42 - ((-57)/(-21) + -3). Suppose 3*h + 3*v = c, -3*h + 5*v = -n*h + 792. Is h a composite number?
True
Let i = 211 + -213. Is (21/(-2))/21 - 7523/i a prime number?
True
Let t(p) = -58*p**3 - 20*p**2 - 477*p + 31. Is t(-12) composite?
False
Suppose -20*b = -15*b - 25. Let j be 15/3*4/10. Is 1165 + j/(-4 + b) prime?
False
Let h be (-3)/((-21)/(-2)) + (-784256)/(-896). Suppose 343 = 21*t - h. Is t composite?
True
Let u be -4 + (5684/(-4) - -5). Let c = u + 3855. Is c composite?
True
Suppose -6*z + 8*z - 68 = 0. Suppose -j - m + z + 44 = 0, -4*j = 5*m - 308. Let d = 197 - j. Is d prime?
False
Let w(x) = 38*x**2 + 10*x + 9. Let b(z) = -4*z - 67. Let i be b(-15). Is w(i) a composite number?
False
Let j(z) = 2*z**3 + 12*z**2 + 33*z - 25. Let n be j(49). Suppose -28*u + 770066 = n. Is u composite?
False
Let t(j) = -j**3 + 27*j**2 + 60*j - 69. Let b be t(29). Is (124/(-12) - b)/((-2)/(-5127)) a composite number?
False
Suppose -5*q + p + 3956563 = 226122, p + 1492174 = 2*q. Is q composite?
True
Let v(f) be the second derivative of 17*f**5/20 + f**4/6 - 7*f**3/6 - 11*f**2/2 + 2*f - 41. Is v(6) a prime number?
True
Is (12/(-15))/((-1240)/130151950) a prime number?
True
Suppose -40202531 = 54*x - 101*x. Is x a prime number?
True
Let d = -307528 - -479529. Is d a composite number?
False
Let b = 813 + -809. Let m be (-21)/(-5) - (-1)/(-5). Suppose -15431 = -5*a - b*i, -a - a + 6150 = -m*i. Is a prime?
True
Let y(x) = 15727*x + 88. Is y(1) a prime number?
False
Suppose j + 6*j + 56 = 0. Let c be (-12)/j*(4 + (-6)/3). Suppose 206 + 86 = r + 5*g, 0 = -g + c. Is r prime?
True
Suppose 2*s + 0*s = 28. Let h(j) = -386*j - 7361. Let k be h(-39). Suppose -7*v = -s*v + k. Is v prime?
False
Suppose 0 = r + 5*n - 171, -6*n - 412 = -2*r - 2*n. Let w be (26*-1)/(-1 + r/203). Suppose -7*b = -1752 - w. Is b prime?
False
Suppose 2*m + s - 35977 = 0, -m - 3*s - 6009 + 24010 = 0. Let l = -10191 + m. Is l composite?
True
Suppose -63*l - 37*l + 53896900 = -0*l. Is l a composite number?
True
Suppose 4*x + b - 899087 = 0, -2*x = -28*b + 26*b - 449536. Is x prime?
True
Suppose 3*b + 39*u = 41*u + 1, -3*u = -12. Suppose -3*m + b*w + 32535 = -615, 0 = 5*m + 4*w - 55277. Is m a composite number?
True
Suppose 241*d + 39*d = 118810322 + 91498518. Is d prime?
True
Let z = -3155 + 3849. Is z a composite number?
True
Let s(b) = -64*b - 48. Let m be s(-13). Suppose -4*u - t + 3122 = 0, 5*u - 3117 = -2*t + m. Is u composite?
True
Suppose 0 = -3*k - 5*a + 2664253, -2*a - 2*a = 11*k - 9768985. Is k prime?
True
Suppose -317*o = -44065202 - 60921077. Is o composite?
True
Let b(j) = -46*j + 317. Let x be b(6). Suppose -7796 = -x*w + 8153. Is w composite?
False
Let d(q) = -9*q**3 - 159*q**2 + 8*q + 38. Is d(-47) composite?
True
Suppose -2*z = -0 - 10. Suppose -3*o = -12, -81393 - 56666 = -z*n - o. Is n a prime number?
True
Let h(s) = 34*s**3 - 19*s**2 - 21*s + 27*s**3 + 19 - 60*s**3. Let k be h(20). Is ((-6)/2)/(k + 838/844) a prime number?
False
Let p = 82 - 76. Suppose 0 = 7*j + p - 27. Suppose 0 = -5*b - j*n + 3841, -n = -b + n + 763. Is b prime?
False
Let b(x) = 20*x**2 - 12 - 13*x - 6*x**2 + 45 + x**3. Let m be b(-15). Suppose 5*k - 4*n = 382, -m*k + n + 234 = -3*n. Is k composite?
True
Suppose 139*r - 124*r = 103305. Is r a prime number?
False
Is (9/(-45))/((-38)/6383050) a composite number?
True
Let h = -332 + 335. Suppose -3*s = 3*r - 52659, 3*r - 52651 = -h*s + 4*s. Is r a prime number?
True
Suppose 85*y = 81*y + 199468. Suppose 224995 = 14*s - y. Is s a composite number?
True
Suppose 4*i - 18 = -6, -4*h - 3*i = -21. Suppose 2*q - h*g - 2*g - 187 = 0, -4*q + 444 = 4*g. Is q composite?
True
Let i = 63952 - 38117. Is i prime?
False
Let l be (-11732)/14*(-2 - 1)/3. Suppose -z - l = -3*z + 4*k, -4*z - 3*k + 1632 = 0. Is z a prime number?
False
Let f = 3314 - -4073. Is f a prime number?
False
Let g(r) = 4*r**2 + 7*r + 2. Suppose -8 = -4*y, 2*x = 3*y - 18 - 4. Let q(u) = -u**3 - 7*u**2 + 9*u + 11. Let p be q(x). Is g(p) composite?
False
Let c(z) = 10253*z + 1537. Is c(38) a composite number?
False
Suppose -9*i + 39*i - 2063100 = 2063910. Is i composite?
False
Let s = 42 - 40. Suppose s*f = f - 618. Let z = -263 - f. Is z prime?
False
Is 458099 + (18 - (17 - 19)) prime?
True
Suppose -4*c + 10636 = -4*d, d + 2*c + 2663 = -c. Let n = 3901 + d. Is n a prime number?
False
Let p(z) = -2*z**2 - 5*z + 6 + 7*z**2 + z**3 + 3*z + 4*z**2. Let n be p(-11). Let i = -56 - n. Is i composite?
True
Let c(s) = -s**2 + 12*s - 13. Let o be c(7). Suppose -458 = o*d - 24*d. Suppose -d = -3*g + 5048. Is g a prime number?
True
Suppose -32*l + 29*l - 5*b = -28917, -b - 28935 = -3*l. Let w = -3889 + l. Is w prime?
False
Let s = 407852 - 265467. Is s a prime number?
False
Suppose 106*p - 103*p - 3*c - 38682 = 0, -5*p = -2*c - 64485. Is p a prime number?
True
Suppose -18*z + 115 + 101 = 0. Suppose k + 9*y - 1924 = 10*y, -4*y = z. Is k a composite number?
True
Let y be (-2 - (-2)/(-3))*-69. Suppose a - y = 27. Is a a composite number?
False
Let l(c) = -2660*c**3 + 6*c**2 - 11*c - 8. Is l(-3) a prime number?
True
Suppose 0 = -4*g + 5*u - 0*u + 70, -2*g + 36 = -2*u. Is 35/g*4 + 14412 a composite number?
False
Let g(s) = 4503*s + 1285. Is g(2) a composite number?
True
Let a(p) = -p**2 + 2*p + 16. Let t be a(5). Let y be -72 - (t + 2)*1. Is (-20957)/(-15) + 10/y a prime number?
False
Suppose -1331 + 35 = -4*o. Suppose -f - 5*d + o = -1848, 3*d + 4305 = 2*f. Is f composite?
True
Let g(d) = -1307*d + 78. Let s be g(-12). Let f = -9797 + s. Is f composite?
True
Suppose -5*h + 465*s = 466*s - 13044, -13042 = -5*h - 3*s. Is h a prime number?
True
Let x be (12/(-7))/(-5 + 80706/16